 and 4?
1
Suppose -28*y - 35 = -29*y. What is the highest common factor of y and 245?
35
Suppose -2*v + 80 = j, 2*j - 100 = v + 45. Calculate the highest common divisor of 37 and j.
37
Let k be (4 - 2)*125 + 3. Let l(q) = -q + 23. Let v be l(0). What is the greatest common factor of v and k?
23
Let s = -9 - -79. What is the greatest common divisor of 14 and s?
14
Suppose 4*y - 1 - 11 = -4*u, 2*u = 4*y - 6. Suppose -1 - y = -v. Suppose 0 = -3*o + 3 + v. What is the greatest common divisor of o and 2?
2
Suppose -4*p + 3*p = -99. Calculate the greatest common divisor of 9 and p.
9
Let l(u) = 2*u**2 - 3*u + 1. Let c = 5 + -3. Let q be l(c). Suppose -q*g + 3*r = -306, 5*r - 87 - 96 = -2*g. What is the greatest common factor of g and 11?
11
Suppose 4*w = 5*f + 49, -2*w = w + 2*f - 31. Let x(m) = 96*m + 3. Let t be x(1). Calculate the greatest common factor of w and t.
11
Let m(s) = 2*s**2 + 7*s - 10. Let a be m(-6). What is the greatest common factor of 8 and a?
4
Let a be 4*((-2)/(-4) + 0). Suppose t + 17 = -0*n + 5*n, -2*t = 4*n - 22. Suppose v + 0*v = n. Calculate the highest common divisor of v and a.
2
Let o = 32 - 12. What is the highest common divisor of o and 4?
4
Let f be (-40)/18 - (-4)/18 - -59. What is the greatest common divisor of 19 and f?
19
Suppose 0 = -2*k + 3*u + 9, 2*k - 4*u + 1 = -3*u. Let f(i) = -3*i**2 - 5*i - 4. Let j be f(k). Let y = 27 + j. Calculate the greatest common divisor of y and 1.
1
Let n be (2/(-4))/(3/(-396)). Let u be (-4)/(-14) + n/14. Suppose 0 = -4*y - 2*o + 72, o + 68 = 3*y - o. What is the greatest common divisor of y and u?
5
Let g(n) = 10*n - 3. Let k be g(2). Let w be (-1 - -6)*187/11. Calculate the highest common factor of w and k.
17
Let h be 3/6*(-20)/25*-45. Calculate the highest common factor of 18 and h.
18
Let o(z) = -5*z. Let a = 4 + -6. Let t be o(a). Calculate the greatest common factor of 2 and t.
2
Let b = 16 + -10. Calculate the highest common factor of b and 9.
3
Let j = -29 - -53. Calculate the greatest common divisor of 24 and j.
24
Let n = 6 - 2. Suppose -4*l + 5*u = -l - 95, n*u + 41 = l. What is the greatest common factor of l and 10?
5
Let b be (4/(-6))/(1/18). Let h = -5 - b. What is the greatest common factor of 21 and h?
7
Let s = -10 + 13. Let r be s/6*-11*-22. What is the highest common factor of 11 and r?
11
Suppose 0 = -3*b + 9*b - 72. Let r = -6 - -9. What is the highest common divisor of b and r?
3
Suppose 90 = 3*k - 3*j - 0*j, 4*j + 90 = 3*k. Calculate the greatest common divisor of k and 195.
15
Let n = -5 - -9. Suppose -3*k = 5*u - 217, 8*u + 2*k - 218 = 3*u. What is the highest common divisor of n and u?
4
Let s be 37/7 + 4/(-14). Suppose -v = s*w, -3*w + 3*v - 11 = 7. Let h be ((-5)/(-5))/(w/(-30)). Calculate the highest common factor of h and 10.
10
Let v(a) = -34*a + 20. Let b be v(-5). What is the greatest common divisor of 38 and b?
38
Suppose -2*q - 5*j + 40 = 0, 4*q - 86 + 6 = 5*j. Suppose -4 = -4*p + 8, 0 = 4*w - 2*p - 34. What is the greatest common divisor of q and w?
10
Suppose 2*o + 14 = 3*o. Calculate the greatest common divisor of 35 and o.
7
Let x = 63 + 63. Let b be 13 - (-1 - -2)*-1. What is the highest common factor of b and x?
14
Let s(y) = 4 - 3 - 23*y + 4. Let g be s(-5). Let i = -33 + 48. What is the greatest common divisor of i and g?
15
Let v(g) = -3*g + 2*g**3 + 8 - g**3 - 3*g - g - 5*g**2. Let l be v(6). What is the greatest common divisor of l and 2?
2
Let w(c) = -9*c**2 + 3. Let a be w(-3). Let s = -46 - a. Calculate the greatest common divisor of 16 and s.
16
Suppose 0 = 3*p - c - 4*c - 896, 4*p - 3*c = 1191. What is the highest common divisor of p and 27?
27
Let z(h) = 7*h + 5. Let r be z(-5). Let d be (24/r)/(2/(-35)). Suppose -5*w + 31 = k - w, w = -3*k + 104. Calculate the highest common factor of k and d.
7
Let b be 1 + (1 - (3 + -4)). Suppose -b = -w + 13. What is the greatest common divisor of w and 32?
16
Suppose -8*k + 495 = -5*k. Calculate the greatest common divisor of 33 and k.
33
Let k be 270*((-24)/(-15))/4. Calculate the greatest common divisor of k and 12.
12
Let c(s) = s**3 - s + 18. Let j be c(0). What is the highest common divisor of 126 and j?
18
Suppose -b = -2*h - 8, b - h = 4*b - 31. Let y(i) = 70*i**3 - i**2 + 2*i - 1. Let x be y(1). Calculate the greatest common divisor of b and x.
10
Let v be 1 + 8*2 + -2. Suppose -3*b - 4*g = 2 - 3, 4*b + 3*g - 6 = 0. Calculate the highest common divisor of b and v.
3
Let l = 25 - 8. What is the greatest common divisor of l and 153?
17
Let c(l) = 16*l - 16. Suppose -5*r = -10*r + 55. Let d be c(r). Calculate the greatest common divisor of d and 20.
20
Suppose 5*w - 316 = 4*n, 1 - 2 = -n. Suppose -t = -2*v - 0 + 6, 2*v - 5*t + 10 = 0. Suppose 16 = 7*g - v*g. Calculate the greatest common divisor of g and w.
8
Suppose -4*d - 92 = -y, -5*y + 790 = 2*d + 264. Suppose -2*r = -10 - y. Calculate the highest common divisor of r and 38.
19
Suppose 15*t - 540 = 5*t. Let s = 3 - -3. Calculate the highest common divisor of s and t.
6
Suppose -8 = -2*j + 10. Suppose 3*d - 83 = -s - 25, 3*s = -4*d + 154. Let b = 73 - s. Calculate the greatest common divisor of j and b.
9
Let g(q) = -q**3 + 4*q**2. Let y be g(4). Suppose y*i + 3*i = 96. Calculate the greatest common factor of i and 4.
4
Let g(a) = -3*a - 1. Let w be g(-8). What is the highest common divisor of w and 23?
23
Let o(g) = -g + 9. Let k be o(7). Suppose x - k*x + 48 = 0. Calculate the highest common factor of 6 and x.
6
Suppose w = b + 5, 5*b - 6 = 8*b. Suppose 3*v + 5*d - 96 + 2 = 0, 29 = v + 4*d. Calculate the greatest common factor of w and v.
3
Let s(w) = -w**3 + 6*w**2 + 3*w - 8. Let g be s(6). Suppose 0 = 4*r + r - g. Calculate the highest common divisor of 16 and r.
2
Let b = -10 + 205. Calculate the greatest common divisor of 65 and b.
65
Suppose 3*u + 2*t = 284, 3*u - 3*t - 158 = 151. Suppose 0 = h - 5. Suppose 0*a - 70 = -h*a. What is the greatest common divisor of u and a?
14
Let r(j) = 2*j - 4. Let w be r(3). Let k be 1/w + (-7)/(-2). Calculate the highest common factor of k and 44.
4
Let l be (-8)/(0 - 2/1). Suppose l*y - y = 0. Suppose -5*w = 3*v - 30, -4*v + 20 = -y*v. Calculate the highest common factor of 15 and w.
3
Let d be -2 + (0 + -1)*-8. Suppose 104 = 2*s + 2*j, 2*j - 288 + 76 = -4*s. What is the greatest common factor of s and d?
6
Suppose z - 4*w + 5 = 0, 0 = -0*z + 5*z - 3*w - 9. Let q be 3 + (-1 - -30) + z. Calculate the greatest common factor of q and 14.
7
Let c(w) = -6*w - 3. Let a be c(-2). Suppose 33 = 2*z + z. Let j = z + -10. What is the highest common factor of j and a?
1
Suppose 5*j = -28 + 108. Calculate the greatest common factor of j and 80.
16
Let b be 72/(-16)*14/(-1). Let k(x) = x**2 - 4*x - 3. Let j be (-4)/22 + 136/22. Let o be k(j). Calculate the highest common factor of o and b.
9
Suppose 2*x + 7 = 7*x + 2*l, 3 = 3*l. Calculate the greatest common factor of x and 1.
1
Suppose -g - 4 = 0, -2*h - 5*g = 7 + 3. Suppose -3*i + 100 = 3*l + i, 2*i - 30 = -l. Calculate the highest common divisor of h and l.
5
Let r be (-21 + 1)/((-9)/18). Calculate the highest common divisor of r and 16.
8
Let i = 193 - 129. Suppose -64 = -2*o - 2*o. Calculate the highest common divisor of o and i.
16
Suppose -2 = -y + 1. Suppose -w + 4*d + 1 = 3*d, 4*d - 17 = -y*w. Calculate the highest common factor of 3 and w.
3
Let r be 90/25*(-20)/6. Let i be 32/r*(-45)/12. Calculate the highest common factor of 20 and i.
10
Suppose y = -0*y - 2. Let i be y/6 + (-408)/(-9). What is the greatest common divisor of 9 and i?
9
Let u be (-1 + -2 - -4)*22. Calculate the greatest common factor of u and 176.
22
Let q(u) = -1 - u - 2 + 0 + 3*u + u**2. Let r be q(-5). Suppose -5*j - 2*g + 5 = 0, 3*j + 2*g - 4 = -5. Calculate the greatest common divisor of j and r.
3
Let o(j) = j + 31. Let k be o(6). Calculate the highest common factor of 296 and k.
37
Let b = 147 - 15. Suppose 0 = -4*u - y + 2*y - 124, 4*u + y = -b. Let i = 2 - u. Calculate the highest common divisor of i and 51.
17
Let y(v) = 2 - 2 - 16*v - 4*v. Let b be y(-1). Suppose 0*a - b = -4*a. Calculate the greatest common factor of 55 and a.
5
Suppose 4*u - 5*u + 10 = 0. Let k = 7 + -5. Let m be 2/k + 0 + 3. Calculate the greatest common factor of m and u.
2
Let q = 73 - 45